ose o - 3*f - 127 = -3*o, 0 = -2*o - 3*f + 41. What is the remainder when o is divided by j?
6
Suppose 23*v + 3*q = 24*v - 7, 0 = 3*v - 3*q - 51. What is the remainder when 35 is divided by v?
13
Let f(j) = j**2 - 7. Suppose 3*x - 9 = 6*x, -4*b + 49 = -3*x. Calculate the remainder when f(-5) is divided by b.
8
Suppose -b - 4*d - 5 = 0, -2*d + 41 = 5*b - 6. What is the remainder when 212 is divided by b?
3
Suppose w = 0, 2*w + w = -c + 3. Suppose 8*u - c*u = 155. Suppose 5*b - 36 = 259. What is the remainder when b is divided by u?
28
Suppose 16*u + 17*u - 495 = 0. What is the remainder when 147 is divided by u?
12
Let s be ((-808)/(-12))/((-2)/3). Let z be -2*(-1 - -29 - 2). Let k = z - s. Calculate the remainder when k is divided by 13.
10
Suppose -4*r + 75 = -i - 23, -4*r = 2*i - 104. Suppose -y - c + 13 = 0, 681*y - 676*y - 2*c = 30. What is the remainder when r is divided by y?
1
Let g(l) = 2*l**3 + 7*l - l**3 - 4*l**2 + 2*l**2. What is the remainder when 86 is divided by g(3)?
26
Calculate the remainder when 68 is divided by (-37)/(0 + (-4 - 18/(-6))).
31
Suppose 7*d - 11*d = -j - 109, 0 = 2*j - 6. Calculate the remainder when 164 is divided by d.
24
Suppose y - 6 = 6*n - n, -2*y + n = -12. Let q = 127 + -104. What is the remainder when q is divided by y?
5
Let q = 23 + 17. Let v = 100 - q. Let o = 108 - v. Calculate the remainder when o is divided by 17.
14
Let u(b) = -11*b**2 + b + 4. Let w be u(3). Let h = w - -52. What is the remainder when 32 is divided by (-8)/h + (-34)/(-5)?
4
Let d = 116 + -66. What is the remainder when 299 is divided by d?
49
Let y(c) = -40*c - 1. Suppose 67*t + 6 = 68*t. Suppose f - 26 = -t. Calculate the remainder when y(-2) is divided by f.
19
Suppose 0 = -6*l - 3*l + 333. Let a(w) = w**2 + 2*w - 5. What is the remainder when l is divided by a(-5)?
7
Let n(x) = 2*x**2 + 2*x + 3. Suppose 0 = -p + 62 - 32. What is the remainder when n(6) is divided by p?
27
Suppose 2*a - 80 = 3*d, 5*a + 109 = 5*d + 304. What is the remainder when 291 is divided by a?
32
Suppose 9*p = -4 + 427. Calculate the remainder when p is divided by 10.
7
Let l(o) be the second derivative of 2*o**3 - 2*o**2 + 2*o. Calculate the remainder when l(1) is divided by 4.
0
Let g(x) = -x**3 - 9*x**2 - 10*x + 30. Calculate the remainder when g(-10) is divided by 37.
8
What is the remainder when 125 is divided by (-6)/(-1) + (-222)/(-6)?
39
Let z = -25 - -30. Let x = 39 - 37. What is the remainder when (z - 1)*3/6 is divided by x?
0
Let c(i) = 25*i. Let u be c(5). Suppose 5*k - u = -9*r + 4*r, r + 5*k - 25 = 0. Calculate the remainder when 49 is divided by r.
24
Suppose -4*j - 5056 = -4*g, 2166 = 3*g + 2*j - 1651. Calculate the remainder when g is divided by 24.
21
Let h(z) = -3*z**2 + 2*z + 3. Let l be h(2). Let f = l + 16. What is the remainder when f is divided by 9?
2
Let l = 143 - 140. Suppose l*m = 6*m - 264. What is the remainder when m is divided by 6?
4
Let m be -4 + 3 - (0 - 421). Let f be m/16 - 1/4. Suppose f = 4*v - o, v - 4*v = -3*o - 24. What is the remainder when 9 is divided by v?
3
Let w(u) = 3*u**2 + 32*u. What is the remainder when w(-13) is divided by 49?
42
Suppose 6*c - 38 = 4*c. Suppose -8 = -2*o, 7*m - 2*m + 4*o = 31. Suppose 3*n - 226 = -4*i + m*i, i + 299 = 4*n. What is the remainder when n is divided by c?
18
Let x(g) = 7*g**2 + 66*g + 170. Let h(n) = n**3 + 6*n**2 + n + 8. Let d be h(-6). Calculate the remainder when 11*1/(d/16) is divided by x(-4).
16
Let f(z) = z**2 - 6*z + 12. Let a be f(4). Suppose 0 = -2*r + 2*o - 5*o + 21, -18 = -2*r - a*o. Calculate the remainder when 22 is divided by r.
7
Let y(k) = -k**3 + 4*k**2 + 8*k + 6. Let u be y(5). Suppose u = q - 25. What is the remainder when q is divided by 24?
22
Let z = 394 + -305. What is the remainder when z is divided by 7?
5
Let c be 5/(-5) + -1*(2 - 5). Suppose o + c*o + 5*l = 145, -2*l = 3*o - 148. What is the remainder when o is divided by 13?
11
Let x(a) = 19*a + 65. What is the remainder when x(0) is divided by 51?
14
Calculate the remainder when (-4)/(-20) + 4/(-20)*-324 is divided by (1/(-3))/(5/(-165)).
10
Suppose -j - 2*l = 2*j - 61, 3*j = 2*l + 65. What is the remainder when 61 is divided by j?
19
Let p(c) = -2*c - 40. Let u(h) = -h - 39. Let t(w) = 2*p(w) - 3*u(w). Calculate the remainder when t(-22) is divided by 21.
17
Let l be (-4)/(-1) - (-10 + 7 + 1). Suppose -304 = -l*f + 2*f. Calculate the remainder when f is divided by 13.
11
Suppose 464 = 12*g - 988. Calculate the remainder when g is divided by 26.
17
Suppose -2*i = 8, 0*h - 5*i - 23 = 3*h. Let r be -7 + 0 + (1 - h). What is the remainder when (-232)/r + 12/(-30) is divided by 16?
14
Suppose 5*b - 4*d = 2487, 2*b - 3*b = 5*d - 480. Calculate the remainder when b is divided by 31.
30
Suppose 2*t + 63 = 29*l - 24*l, 0 = -2*l - 2*t + 28. Calculate the remainder when 50 is divided by l.
11
Let q be (-1)/5 - 2/(-10). Let c be 18/(q - -1) + 1. Suppose 6 = c*h - 17*h. Calculate the remainder when 6 is divided by h.
0
Let g be 536/14 - (-4)/(-14). Let i = g + -21. What is the remainder when -1*4/4 - -67 is divided by i?
15
Let x be (-2 + 8)*(5 - (-475)/(-15)). Let t = 241 - -5. Let j = t + x. Calculate the remainder when j is divided by 22.
20
Let m(v) = 7*v**2 - 12*v + 21. What is the remainder when m(-7) is divided by 18?
16
Let n = 215 + -182. Calculate the remainder when 44 is divided by n.
11
Suppose 5*l - 5*s - 65 = 0, -2*l - 3*l + 73 = 3*s. Let h = 33 + -6. What is the remainder when h is divided by l?
13
Let r = -106 - -104. What is the remainder when (147/r)/1*4/(-3) is divided by 33?
32
Let b = 13 + -10. Let m be 6/4 - ((-434)/4)/7. Suppose m + 88 = b*x. What is the remainder when x is divided by 20?
15
Let t = -830 - -885. What is the remainder when t is divided by 4?
3
Let g(l) = l**2 - 4. Let s = -398 + 406. What is the remainder when s is divided by g(-3)?
3
Let q(v) = 2*v**2 - 19*v + 14. What is the remainder when q(16) is divided by 32?
30
Let s = -13 - -8. Let o be ((-2)/s)/((-1)/(-25)). Suppose -o*r = -7*r - 36. Calculate the remainder when r is divided by 5.
2
Let p = 1 + -43. Let f = p - -49. What is the remainder when 27 is divided by f?
6
What is the remainder when 9 is divided by (-110)/(-18) + 22/(-198)?
3
Let h = 132 - 92. Let p(v) = -4*v**2 + 5*v - 5 - h*v**3 + 20*v**3 + 21*v**3. What is the remainder when 42 is divided by p(4)?
12
Calculate the remainder when 6/(-4)*((-100)/3 + 0) is divided by 33.
17
Let h(n) = -3*n**3 + n. Let l be h(-1). Suppose 3*g = -l*g + 120. Calculate the remainder when 38 is divided by g.
14
Suppose 123 = 4*x - 29. Let r(y) = y**2 + 1 - 1 - 3. What is the remainder when x is divided by r(-4)?
12
Let m(c) = 79*c + 42. Calculate the remainder when 103 is divided by m(0).
19
Let d(t) = -2*t + 36. Let u be d(16). Suppose 24 = 4*y + u*n - 204, -5*y + 277 = n. What is the remainder when y is divided by 28?
27
Let c = 1028 - 899. Calculate the remainder when c is divided by 5.
4
Suppose -10*s = -57 + 7. What is the remainder when 43 is divided by s?
3
Suppose 2*n + j = 39, 5*n - 80 - 45 = 3*j. What is the remainder when 437 is divided by n?
19
Let j(c) = -c**3 - 2*c**2 + 28*c + 137. Calculate the remainder when j(-5) is divided by 40 + (0/(-2) - 2).
34
Let r(h) = -h**3 + 7*h**2 - 7*h - 2. Let t be r(6). Let k(d) be the first derivative of -d**2/2 - 5*d - 2. Calculate the remainder when 7 is divided by k(t).
1
What is the remainder when 76 is divided by (-2 + (-2)/(-10))/(21/(-140))?
4
Let g be (-4)/(-10) + (-392)/(-70). Suppose 2*k - 132 = -g. Calculate the remainder when k is divided by 32.
31
Let c(r) = r**2 - 12*r + 10. Let p be c(7). Let q = -13 - p. Suppose -4*s + 18 = -5*z + 2*z, -2*z + 8 = 4*s. What is the remainder when q is divided by s?
0
Suppose 5*m - 150 = -30. Suppose -f - 2 = 2*w - m, w + 2*f - 5 = 0. What is the remainder when 75 is divided by w?
10
Let i(r) = -r**3 + 13*r**2 - 19*r - 26. What is the remainder when 180 is divided by i(11)?
5
Let f = -209 + 254. What is the remainder when 88 is divided by f?
43
Let b = 187 + -153. Calculate the remainder when b is divided by 20.
14
Let h(i) = i**3 - 13*i**2 + 21*i + 18. Let g be h(11). Suppose 13 + 1 = g*t. Let r(q) = q**3 + 4*q**2 + q. Calculate the remainder when r(-3) is divided by t.